f 4819?
8
What is the units digit of 16344?
4
What is the hundreds digit of 824?
8
What is the units digit of 1174?
4
What is the units digit of 2498?
8
What is the tens digit of 820?
2
What is the hundreds digit of 63144?
1
What is the units digit of 1440?
0
What is the units digit of 5?
5
What is the hundreds digit of 2234?
2
What is the hundreds digit of 9053?
0
What is the units digit of 15279?
9
What is the hundreds digit of 7758?
7
What is the thousands digit of 107663?
7
What is the hundreds digit of 734?
7
What is the thousands digit of 3718?
3
What is the hundreds digit of 521?
5
What is the units digit of 2509?
9
What is the thousands digit of 49602?
9
What is the thousands digit of 2266?
2
What is the tens digit of 4085?
8
What is the tens digit of 254?
5
What is the hundreds digit of 1038?
0
What is the thousands digit of 11713?
1
What is the hundreds digit of 18638?
6
What is the thousands digit of 1049?
1
What is the tens digit of 29555?
5
What is the thousands digit of 1241?
1
What is the hundreds digit of 104263?
2
What is the units digit of 5252?
2
What is the thousands digit of 3880?
3
What is the thousands digit of 12200?
2
What is the ten thousands digit of 16871?
1
What is the units digit of 3541?
1
What is the ten thousands digit of 83395?
8
What is the hundreds digit of 2992?
9
What is the hundreds digit of 7738?
7
What is the thousands digit of 15725?
5
What is the thousands digit of 13953?
3
What is the units digit of 1208?
8
What is the tens digit of 469?
6
What is the tens digit of 17735?
3
What is the ten thousands digit of 59712?
5
What is the units digit of 342?
2
What is the tens digit of 14701?
0
What is the units digit of 1502?
2
What is the hundreds digit of 4344?
3
What is the hundreds digit of 1192?
1
What is the hundreds digit of 55002?
0
What is the tens digit of 37577?
7
What is the hundreds digit of 95100?
1
What is the tens digit of 217?
1
What is the units digit of 36174?
4
What is the hundreds digit of 38775?
7
What is the thousands digit of 69164?
9
What is the thousands digit of 7658?
7
What is the hundreds digit of 555?
5
What is the units digit of 520?
0
What is the units digit of 70429?
9
What is the tens digit of 54219?
1
What is the hundreds digit of 9302?
3
What is the tens digit of 6584?
8
What is the hundreds digit of 1703?
7
What is the units digit of 1160?
0
What is the tens digit of 665?
6
What is the tens digit of 27441?
4
What is the ten thousands digit of 29361?
2
What is the thousands digit of 5788?
5
What is the units digit of 1904?
4
What is the tens digit of 683?
8
What is the units digit of 27505?
5
What is the thousands digit of 4538?
4
What is the hundreds digit of 5252?
2
What is the tens digit of 11425?
2
What is the thousands digit of 8074?
8
What is the units digit of 943?
3
What is the units digit of 7204?
4
What is the thousands digit of 3415?
3
What is the units digit of 1793?
3
What is the units digit of 24059?
9
What is the units digit of 282?
2
What is the hundreds digit of 7861?
8
What is the units digit of 1532?
2
What is the hundreds digit of 866?
8
What is the units digit of 2860?
0
What is the hundreds digit of 4461?
4
What is the tens digit of 659?
5
What is the hundreds digit of 607?
6
What is the hundreds digit of 62701?
7
What is the tens digit of 2416?
1
What is the tens digit of 35818?
1
What is the thousands digit of 1221?
1
What is the thousands digit of 161430?
1
What is the tens digit of 107177?
7
What is the hundreds digit of 30960?
9
What is the units digit of 335?
5
What is the hundreds digit of 2977?
9
What is the hundreds digit of 1403?
4
What is the thousands digit of 13671?
3
What is the units digit of 1540?
0
What is the units digit of 598?
8
What is the units digit of 5425?
5
What is the units digit of 426?
6
What is the units digit of 15550?
0
What is the units digit of 794?
4
What is the hundreds digit of 8861?
8
What is the ten thousands digit of 190679?
9
What is the thousands digit of 2043?
2
What is the hundreds digit of 2809?
8
What is the units digit of 40834?
4
What is the hundreds digit of 6601?
6
What is the thousands digit of 11860?
1
What is the tens digit of 1502?
0
What is the thousands digit of 47610?
7
What is the tens digit of 16698?
9
What is the hundreds digit of 1121?
1
What is the tens digit of 157?
5
What is the tens digit of 3108?
0
What is the ten thousands digit of 24085?
2
What is the units digit of 292?
2
What is the hundreds digit of 12339?
3
What is the ten thousands digit of 22890?
2
What is the hundreds digit of 1418?
4
What is the ten thousands digit of 32369?
3
What is the thousands digit of 1546?
1
What is the thousands digit of 3968?
3
What is the ten thousands digit of 67270?
6
What is the hundreds digit of 38836?
8
What is the hundreds digit of 331?
3
What is the units digit of 96917?
7
What is the ten thousands digit of 26698?
2
What is the tens digit of 15341?
4
What is the units digit of 1221?
1
What is the hundreds digit of 298?
2
What is the tens digit of 1862?
6
What is the hundreds digit of 5913?
9
What is the units digit of 4810?
0
What is the units digit of 617?
7
What is the hundreds digit of 443?
4
What is the thousands digit of 20319?
0
What is the thousands digit of 1290?
1
What is the hundreds digit of 23173?
1
What is the units digit of 2511?
1
What is the hundreds digit of 11706?
7
What is the hundreds digit of 306?
3
What is the hundreds digit of 2423?
4
What is the units digit of 513?
3
What is the thousands digit of 123746?
3
What is the units digit of 1370?
0
What is the hundreds digit of 150?
1
What is the hundreds digit of 708?
7
What is the units digit of 1313?
3
What is the thousands digit of 27335?
7
What is the tens digit of 63144?
4
What is the ten thousands digit of 55866?
5
What is the thousands digit of 2494?
2
What is the hundreds digit of 18484?
4
What is the ten thousands digit of 38971?
3
What is the tens digit of 5910?
1
What is the thousands digit of 2619?
2
What is the tens digit of 7590?
9
What is the thousands digit of 5509?
5
What is the thousands digit of 53840?
3
What is the ten thousands digit of 37200?
3
What is the units digit of 8855?
5
What is the units digit of 736?
6
What is the thousands digit of 5929?
5
What is the units digit of 1817?
7
What is the units digit of 5335?
5
What is the units digit of 4793?
3
What is the tens digit of 14924?
2
What is the tens digit of 7106?
0
What is the thousands digit of 20368?
0
What is the hundreds digit of 2101?
1
What is the tens digit of 16509?
0
What is the thousands digit of 1130?
1
What is the tens digit of 165328?
2
What is the tens digit of 61701?
0
What is the units digit of 218?
8
What is the tens digit of 23316?
1
What is the tens digit of 305?
0
What is the tens digit of 1977?
7
What is the hundreds digit of 3915?
9
What is the thousands digit of 13023?
3
What is the tens digit of 19266?
6
What is the tens digit of 2291?
9
What is the units digit of 430?
0
What is the hundreds digit of 39884?
8
What is the thousands digit of 5798?
5
What is the hundreds digit of 4426?
4
What is the thousands digit of 4170?
4
What is the units digit of 955?
5
What is the hundreds digit of 3614?
6
What is the tens digit of 1626?
2
What is the thousands digit of 20288?
0
What is the hundreds digit of 14613?
6
What is the hundreds digit of 5489?
4
What is the hundreds digit of 156158?
1
What is the hundreds digit of 1523?
5
What is the tens digit of 29145?
4
What is the hundreds digit of 28630?
6
What is the thousands digit of 6519?
6
What is the tens digit of 27468?
6
What is the hundreds digit of 3100?
1
What is the units digit of 6231?
1
What is the thousands digit of 32942?
2
What is the units digit of 26897?
7
What is the tens digit of 3360?
6
What is the hundreds digit of 9710?
7
What is the thousands digit of 6083?
6
What is the tens digit of 325?
2
What is the units digit of 251?
1
What is the hundreds digit of 2047?
0
What is the units digit of 116210?
0
What is the hundreds digit of 1484?
4
What is the ten thousands digit of 37001?
3
What is the tens digit of 135129?
2
What is the tens digit of 538?
3
What is the units digit of 202?
2
What is the units digit of 666?
6
What is the units digit of 8076?
6
What is the th